mposite?
False
Suppose 0 = 3*j - 2*g - 10161, 0 = 2*j - 2*g - 2341 - 4431. Is j composite?
False
Suppose 0 = p - 4 + 14. Let l be (p/6)/(1/(-3)). Suppose 3*w - l*s = 99, -4*w + s - 3*s + 132 = 0. Is w a prime number?
False
Let o be ((-16)/6)/((-14)/3066). Suppose 0 = 3*a + a - o. Is a composite?
True
Let j(h) = 300*h**2 + 2*h + 429*h**2 + 126*h**2 - 1 - 113*h**2. Let g(o) = o**2 + 6*o + 6. Let m be g(-5). Is j(m) composite?
False
Suppose 1287 = 2*u - 6607. Is u prime?
True
Let k(i) = 788*i**3 - i. Suppose -2*d = -8, 5*d - 9 = -x + 12. Is k(x) composite?
False
Let l(f) = f**3 - 2*f**2 + 4. Let w be l(2). Suppose 3*a = 6, -w*h + 0*h = -5*a - 4018. Is h prime?
False
Let u(j) = j**3 + 7*j**2 + 6*j - 5. Let m be u(-5). Suppose 0 = -2*t - t + m. Suppose -5*p = -t*w + 2305, 3*w + 4*p - 1408 = 2*p. Is w a prime number?
False
Suppose -3*y - 30 = -3*w - 6, 0 = 3*y + w + 8. Let z be (y/8)/((-2)/8). Suppose 4*q + 0*f = -z*f + 218, -q + 41 = -4*f. Is q prime?
True
Suppose 20*y + 7*y = 98361. Is y composite?
False
Suppose 2956 + 42 = 2*t. Is t prime?
True
Suppose 19*b - 18*b = 1. Is ((-3656)/4)/(0 - b) a prime number?
False
Suppose 0 = -13*u + 6*u. Let y(w) = -w**3 - 9*w**2 + 5. Let t be y(-9). Suppose u = z, -2*z = t*f - 585 - 1060. Is f a prime number?
False
Let f(d) = 125*d**3 + 5*d**2 - 3*d - 11. Is f(4) a prime number?
False
Let a be (-46)/(-10) + 4/10. Suppose -2*w + 3 = g, -4*g = 5*w - a - 7. Suppose w = -0*t + 5*t - 2270. Is t composite?
True
Suppose -8*h + 9*h - 4 = 0. Is (692/h)/(2/10) prime?
False
Suppose -160*i - 7446 = -166*i. Is i prime?
False
Suppose 791 + 1246 = v - 3*g, 2*g - 2057 = -v. Is v a composite number?
True
Let y(l) = 539*l**2 - 187*l + 11. Is y(6) prime?
False
Suppose 0*w = -4*w + 8. Suppose -5*u = -j + 819, w*j + 3*u + 2505 = 5*j. Is j composite?
False
Suppose 0 = -23*m + 28*m - 1075. Is m prime?
False
Let q(g) = -2*g**3 - 7*g**2 + 6*g + 6. Let m(h) = h**2 - h - 7. Let y be m(0). Is q(y) composite?
False
Let c be -1 - (-8 + 10)/((-2)/56). Suppose -w - 3*x + 60 = 2*w, 2*w - 3*x = c. Is w prime?
True
Suppose 24*w + 39*w = 141435. Is w a composite number?
True
Let r(y) = -2 - 2 + 4 - 2 + y**3. Let p be r(2). Is 2/p - (-6272)/48 a composite number?
False
Suppose 5*l - 10 = -6*v + v, 10 = 4*l + 3*v. Is (-11 + -13473)*(-1)/l prime?
True
Let n(w) = -243*w - 107. Is n(-36) a prime number?
True
Suppose 8*j - 4*j - 44 = 0. Suppose -j*m = -7*m - 1192. Is m composite?
True
Let t = -6745 - -12002. Is t prime?
False
Suppose -1443 = -3*b + 5*h, 4*h = -4*b + 2*h + 1898. Suppose b = c + 3*c + 4*v, -127 = -c + 3*v. Is c a prime number?
False
Is 3/2*(-3 + 146181/9) composite?
False
Let m be (2 - (-258)/4)*2. Let x be ((-12)/(-9))/(3/((-1665)/10)). Let f = m + x. Is f composite?
False
Let b be ((-206)/5)/(58/(-145)). Let k = b - 96. Is k prime?
True
Let r(b) = -17648*b**3 + 4*b**2 + 5*b. Is r(-1) a composite number?
True
Let b(g) = -11623*g - 13. Is b(-2) a composite number?
True
Suppose 0*v - 2*v + 12 = 0. Let y = v + 8. Suppose d = t + 4*t - y, t = d - 6. Is d a prime number?
True
Suppose -z - 3*c - 77 = 462, -z - c - 537 = 0. Let q = 975 + z. Is q a composite number?
False
Suppose -212027 = -27*u - 58046. Is u composite?
True
Let r = 3591 + -5888. Let f = 604 - r. Is f composite?
True
Let z be (-1 - -6)/1 + -1. Suppose r - 2*i = -8, 3*r + 10 = -4*i - z. Is -2*(-9)/r + 72 a prime number?
False
Suppose -5*l + 1 = -14. Suppose -2*x - x = -3*c + 9, 0 = c + 2*x - l. Is 2*(-4 + c) + 189 a composite number?
True
Suppose -5*v + 15 = 5. Suppose -v*m - 2*c + 658 = 0, 0*c + 1639 = 5*m + 2*c. Is m prime?
False
Is (-241256)/(-159) - (8/(-6))/(-4) a prime number?
False
Let b(p) = -23*p - 4 - 5 + 94*p - 7. Is b(9) a prime number?
False
Let r(w) = -3*w**2 + 4*w - 3. Let t be r(2). Let v(p) = -4*p**2 + 4*p**2 + 1 - 4 - 3*p + 0*p**2 + p**2. Is v(t) prime?
True
Let p be (-25)/2*(-4)/5. Is 541*(4/(-10) + 14/p) prime?
True
Let t be 14/4*14/(0 - 7). Is (-420 + 1)/(t/21) composite?
True
Suppose -t + 2*t - 5*m = 20, 2*m = t - 11. Suppose 3*y + 12 = b, y = -t*b - y + 26. Is (-4)/b + (-13172)/(-12) a composite number?
False
Let x(m) = 10*m**2 - 30*m - 35. Is x(-38) prime?
False
Let q(g) = -30*g - 1. Let w = 8 + -3. Suppose -3*h + w = -2*c, 4*c - h + 32 = -c. Is q(c) prime?
False
Suppose -9*m + 4*m + 5 = 0. Is (m/(-2))/((-10)/120) a prime number?
False
Suppose -6179 = -35*w + 34*w. Is w composite?
True
Let y be 5614/4 - 2/(-4). Suppose -23*q = -22*q - y. Suppose 483 = -3*n + q. Is n composite?
False
Let f be 6/(-4)*-2 - -1. Let w(a) = -a + 6. Let q be w(f). Suppose 4*t - 289 = 3*v + 193, -q*v - 361 = -3*t. Is t a composite number?
True
Is (1043/28)/(1/4) a composite number?
False
Let o(f) = 3888*f**2 - 21*f + 52. Is o(3) prime?
True
Suppose -28240 = -28*j + 53212. Is j composite?
False
Suppose -s - 367 = g, 0 = -4*s + 4*g + g - 1513. Let b = s - -535. Is b a prime number?
True
Let q(j) = -j**3 + 9*j**2 + 3*j - 25. Let y be q(9). Suppose 5*p = -2*f + 3*f + 8287, 0 = -p + y*f + 1661. Is p a composite number?
False
Let t(v) = 45*v + 9. Let m(b) = 69*b + 12. Let s(o) = -23*o - 4. Let a(x) = 6*m(x) + 17*s(x). Let z(r) = 5*a(r) - 2*t(r). Is z(3) prime?
False
Suppose -5*a - 12 = 4*z - 37, -z = -3*a - 2. Suppose 2*l + z*n - 308 = 0, -l + 2*l - 2*n = 163. Is l - (-2 + 5) - -1 a prime number?
True
Let w = -9 + 14. Suppose 497 = 12*m - w*m. Is m prime?
True
Let v(k) = 5*k - 14. Let n(x) = -x**2 + 11*x - 27. Let h(s) = -4*n(s) + 7*v(s). Let t = 0 + -7. Is h(t) composite?
False
Let w(a) = 3*a**3 + 9*a**2 - 5*a + 8. Let x(n) = -13*n**3 - 37*n**2 + 20*n - 32. Suppose 4*h + 45 = 9*h. Let j(r) = h*w(r) + 2*x(r). Is j(-6) composite?
True
Let p = 1816 + -833. Is p composite?
False
Let d be ((-2 - 0) + 2)/2. Let k(p) = p**3 - p**2 + 2*p - 996. Let z be k(d). Let o = -649 - z. Is o prime?
True
Let s be -1*(1 + -1 + -3). Suppose 1206 = s*u - 231. Is u a composite number?
False
Let s = -3641 + 7132. Is s a composite number?
False
Suppose -5*z + 42 = 17. Suppose 74 = -3*b + z*b. Is b a prime number?
True
Let c = 11 - 0. Suppose -c = v - 107. Let s = 115 + v. Is s prime?
True
Let n(d) = d + 3. Let x be n(-3). Suppose -9*f + 5*f + 820 = x. Is f a composite number?
True
Let h(d) = -49*d - 6*d**2 - 3 + 16*d**2 + 49*d. Is h(-2) a composite number?
False
Suppose -4*y + 711 = -3*l, 3*l + 23 - 20 = 0. Is y composite?
True
Is (1/(-2))/(12 + 33912375/(-2826030)) a composite number?
False
Suppose 3*i + 5*t - 21193 = 0, 4*t + 3009 = i - 4044. Is i composite?
True
Suppose 1 = 2*s - 0*y + y, 5*y - 5 = 3*s. Let o(i) = i**2 + 2*i + 167. Is o(s) composite?
False
Suppose 0 = -5*r + 16 + 4. Let s be (2/3)/(r/24). Suppose -6*u + 286 = -s*u. Is u a composite number?
True
Let h(z) = z**2 + z - 11. Let p be h(-5). Let w be (-4)/(-18) + 5110/p. Let r = -389 + w. Is r prime?
True
Let b(r) be the first derivative of -4*r**2 - r + 5. Is b(-6) a prime number?
True
Suppose -5*j - 11 = c, c + 0*c - j = 13. Is 4581/(-6)*(-3 + 15/c) composite?
True
Let k(a) = -8169*a**2 - a - 2. Let b be k(-1). Is 4/(-10) - b/50 a composite number?
False
Suppose -3*r + 97373 = 4*z, 26*r - 23*r = z + 97363. Is r a prime number?
False
Suppose 7*x = 9*x. Let v be 0*((-2)/(-4) + x). Suppose -3*h + 8*h - 2*g - 1083 = v, 2*g - 637 = -3*h. Is h a composite number?
True
Let u(t) = -t**3 - 7*t**2 - 9*t + 4. Suppose -44 = -o - 5. Suppose 5*d + 2*b + o = -0*d, -d - 13 = 3*b. Is u(d) prime?
True
Suppose 0 = -13*t + 6*t + 35. Suppose -3*q + 2*f = -3*f - 80, -t*q + 2*f = -165. Is q a prime number?
False
Let x = 38 - 56. Let w = 25 + x. Suppose w*z - z = 2346. Is z prime?
False
Let z be ((-4)/6)/((-8)/(-36)). Let r be (-2 + 1 + z)*-1. Suppose 4*o - 71 = -2*b - o, r*o = 2*b - 98. Is b prime?
True
Let p(z) = -3*z**2 + z + 491. Is p(0) a prime number?
True
Suppose -206 = p + 2386. Is p/(-10) - (-6)/(-30) prime?
False
Let x(w) = w**2 - 6*w + 5. Let b be x(4). Let d be b/1 - (1 + -1). Is 252 + 3 + d + -3 composite?
True
Let v(w) = -w + 1. Let j(q) be the third derivative of -13*q**4/6 + 7*q**3/6 + 10*q**2. Let c(z) = j(z) - 6*v(z). Is c(-4) prime?
False
Suppose 11*d + 172475 = 36*d. Is d prime?
True
Let o(s) be the second derivative of s**4/6 + 11*s**3/3 - 47*s**2/2 - 23*s. Is o(24) a composite number?
True
Suppose 2139 - 32595 = -4*l - 4*x, 4*l = 3*x + 30463